f = 3*l + 45. Calculate the remainder when 28 is divided by f.
13
Let q(w) = -w**2 + 9*w + 10. What is the remainder when 177 is divided by q(5)?
27
Suppose -74 = 5*t - 99. Calculate the remainder when 31 is divided by t.
1
Suppose 0*m - 4*m + 3*p + 1169 = 0, -284 = -m - 2*p. What is the remainder when m is divided by 73?
71
Let t be (-1)/4 + (-75)/(-12). Suppose -k + t*k = 50. What is the remainder when (-141)/376*144/(-2) is divided by k?
7
Calculate the remainder when (-1044)/(-81) + 1/(10 - 1) is divided by 5.
3
Let s = 5 - -14. Let l = -94 - -94. Suppose l = -7*y - 38 + 115. What is the remainder when s is divided by y?
8
Let p(s) = 4*s**2 - 22*s + 18. Calculate the remainder when p(9) is divided by 3 + -2 - (2/(-1) - 18).
18
Suppose 3*f = t - 21, 3*t - 3*f = -2*t + 141. Let q = t - 6. What is the remainder when 117 is divided by q?
21
Suppose 6*f = 9*f - 9. Suppose f*u - 23 = -11. What is the remainder when 33 is divided by u?
1
Let q(m) = -6*m - 73. Calculate the remainder when q(-37) is divided by 78.
71
Let j = 43 + -20. What is the remainder when 137 is divided by j?
22
Let y = -22 - -29. Calculate the remainder when ((1204/16)/y)/((-2)/(-8)) is divided by 12.
7
Suppose 2*o - 66 = b, 3*b = 3*o - 8*o + 143. Calculate the remainder when o is divided by 11.
9
Let q(r) = 7*r - 11. Suppose 4 = 6*n - 20. Calculate the remainder when q(n) is divided by 5.
2
Suppose 810*d = 807*d + 117. What is the remainder when d is divided by 12?
3
Let h be -2*6/(-8)*10. Let g(u) = u**3 - 6*u**2 + u + 4. Let a be g(6). Suppose -h*x = -a*x - 65. Calculate the remainder when 51 is divided by x.
12
Suppose -2*g = -2*n - 52, -3*n = -2*g - 2*g + 105. Let k = g + -16. What is the remainder when 41 is divided by k?
8
What is the remainder when (-129)/(-5) - 4/(-20) is divided by 0 + 7 - (91 + -93)?
8
Suppose 0*s + s - 3*q = 33, 4*s + 4*q - 100 = 0. What is the remainder when ((-3780)/(-36))/(1/1) is divided by s?
24
Let n = -2 + 13. Suppose -5*w + g = 3*g - 259, 4*w - 5*g = 227. Calculate the remainder when w is divided by n.
9
Let h(w) = 2*w**2 + 3*w + 2. Suppose 98*a = 108*a - 60. What is the remainder when h(-3) is divided by a?
5
Let u = 1 + 21. Suppose 9*w - u = 7*w. Let d = -23 + 54. What is the remainder when d is divided by w?
9
Let l = -6439 - -6459. Suppose 4*s - 234 = 2*s. Calculate the remainder when s is divided by l.
17
Let i be -47 - (-3 + 0 - 0). Let y = -28 - i. What is the remainder when 24 is divided by y?
8
Let j(k) = k**2 - k + 5. Let m be j(0). Suppose g + m = 41. Let o = 189 + -176. What is the remainder when g is divided by o?
10
Let s(h) = 5 + 10*h + 7 + h - 10. Calculate the remainder when 137 is divided by s(3).
32
Let p = 44 - -153. What is the remainder when p is divided by 68?
61
Let s = -1020 - -1251. What is the remainder when s is divided by 66?
33
Suppose 0 = -q + 3 + 1. Suppose -2*c + 4 + q = 0. Let x = 124 + -109. Calculate the remainder when x is divided by c.
3
Let w(f) = -f**3 + 18*f**2 + 23*f + 41. Let y be w(19). Calculate the remainder when (1 - (-8)/(-6)) + 26598/y is divided by 23.
20
Let m(r) = 3*r**2 + 22*r + 16. Let w = -71 + 57. Calculate the remainder when m(w) is divided by 27.
26
Let n(m) = m - 4. Let h be n(6). Suppose -u = h*p - 5*u - 18, 4*p - 9 = -u. Let y = 155 + -149. What is the remainder when y is divided by p?
0
Let v(k) = -19*k + 183. Calculate the remainder when 61 is divided by v(9).
1
Let x(z) = 2*z**2 + 9*z - 5. Let l be x(-5). Suppose 4*b + 63 = 6*j - j, -4*j + b + 46 = l. Calculate the remainder when 52 is divided by j.
8
Let v be ((-6)/5)/(1/(-40)). Let p = -29 + v. Suppose -2 = -m + 5*j, -4*j = m - 165 + 154. What is the remainder when p is divided by m?
5
Suppose 20*j + 48 = 24*j. What is the remainder when 55 is divided by j?
7
Let g(f) = -f**2 - 46*f + 35. Calculate the remainder when g(-8) is divided by 10.
9
Suppose -3*k + 115 = -104. What is the remainder when k is divided by 40?
33
What is the remainder when (2 - (-86)/7)/((-12)/(-84)) is divided by 36?
28
Suppose -4 - 3 = -a + 2*d, 0 = a + 4*d - 25. What is the remainder when 36 is divided by a?
10
Suppose -7 = v + v + 5*a, -4*v + 2*a = 26. Let q(k) = 4*k**2 + 10*k + 8. Calculate the remainder when q(v) is divided by 24.
20
Let w(c) = 24*c**2 - 17*c - 2. Calculate the remainder when w(3) is divided by 2.
1
What is the remainder when 139 is divided by 0/2 + (-114)/(-19)?
1
Let t be 6*(-2)/8*-2. Suppose 340 = -t*z + 8*z. What is the remainder when z is divided by 14?
12
Let y(l) = 3*l**2 - 15*l - 137. Let j(p) = 2*p**3 + 4. What is the remainder when j(3) is divided by y(-5)?
6
Let u(k) = 10*k + 10. Let a be u(-3). Let q be 2*(a/(-8) - 0). Suppose -5*m + 65 = -3*s, 13 + 87 = q*m + 4*s. Calculate the remainder when 77 is divided by m.
13
Let u(f) = 3*f**2 + 8*f - 31. Let g(p) = -7*p**2 - 17*p + 62. Let k(w) = -2*g(w) - 5*u(w). Calculate the remainder when 13 is divided by k(-9).
1
What is the remainder when (-40)/14*9338/(-116) is divided by 57?
2
Let u be -4 - 3/((-2)/104*1). Let g = u + -58. Calculate the remainder when g is divided by 25.
19
Let w = -713 + 769. What is the remainder when w is divided by 20?
16
Let y(r) be the second derivative of r**4/12 - 13*r**3/6 + 8*r**2 - 7*r. Calculate the remainder when 14 is divided by y(12).
2
Let m = -459 + 477. Let x be 1055/4 + (-2)/(-8). Suppose 2*z + 0*z = 5*s - x, -5*s = z - 258. What is the remainder when s is divided by m?
16
Let p = -360 - -364. What is the remainder when 106 is divided by p?
2
Let r = 98 - 57. Suppose h + 4*l - 18 = 0, -2*h - 8*l = -4*l - 32. What is the remainder when r is divided by h?
13
Suppose 8*v + 7*v = 1470. Calculate the remainder when v is divided by 11.
10
Suppose -9*y + 114 = -102. What is the remainder when y is divided by 1/2*(-3 - -21)?
6
Let f = -41 + 89. Let c be (-1)/(12/16 + -1). Calculate the remainder when f is divided by c/22 - 1295/(-77).
14
Suppose -k + 58 = 3*c, 12 - 160 = -2*k + 2*c. Calculate the remainder when k is divided by ((-27)/(-6))/((-5)/(-10)).
7
Let g = -25 + 61. Suppose 5*l - 2*l - 35 = -5*v, -5*l + 4*v + 46 = 0. What is the remainder when g is divided by l?
6
Let m be (-32)/(-20) - 6/(-15). Suppose -3*c = m*c - 215. Calculate the remainder when c is divided by 22.
21
Suppose -213 = 28*z - 31*z. What is the remainder when z is divided by 25?
21
Let f(l) = l**3 + 7*l**2 + 6*l + 16. Calculate the remainder when 322 is divided by f(-5).
34
Let s(n) = 53*n**2 - 354*n + 1. Calculate the remainder when s(7) is divided by 3.
0
Let s(q) be the third derivative of q**4/4 - 3*q**3/2 - 12*q**2. What is the remainder when s(17) is divided by 24?
21
Let b = 7 + -1. Let l(t) = -3*t**2 + 20*t + 9. Calculate the remainder when b is divided by l(7).
0
Let g(c) = 3*c**2 + 7. Let d be g(-6). Suppose 6*f - f = d. What is the remainder when f is divided by 4/(-10) + 124/10?
11
Let n(m) = m**2 - 6*m + 1. Let a be n(10). Suppose -40*c - 55 = -a*c. What is the remainder when c is divided by 14?
13
Let i = -28 - -36. Suppose 4*l - 180 = -i. What is the remainder when l is divided by 15?
13
Suppose -90 = -14*s + 9*s. Suppose x + 2*j = 2*x - s, j = -2*x + 61. Calculate the remainder when 54 is divided by x.
26
Let p = -7 + 0. Let o(s) be the second derivative of -s**3/3 + 8*s**2 + 6*s. Calculate the remainder when 117 is divided by o(p).
27
Let z(h) = -5*h**3 + h**2 + 4. Let p be z(-3). Let x = -147 + p. What is the remainder when 4 is divided by x?
0
Let m(b) = -b**2 - 11*b - 2. Suppose 4*z - 22 = -2*a + 8, -15 = -5*a. Calculate the remainder when 719/7 - z/(-21) is divided by m(-7).
25
Suppose -4*l + 1291 = -4*j + 339, -j + 947 = 4*l. What is the remainder when l is divided by 7?
6
Let c be (-3)/(-15) - (-14)/5. Suppose x + 4 = c*x. Let r = -16 - -17. Calculate the remainder when x is divided by r.
0
Let z be 87/18 - 4/(-24). Suppose -1 = -z*g - 2*w, 5*g + 4*w = 3*g - 6. Suppose -6*k = -15 + 9. Calculate the remainder when k is divided by g.
0
Let u(o) = 31*o - 1. Let v be u(1). Suppose 5*f + x - 324 = 0, 2*f + 3*x + 328 = 7*f. Let s = f - v. What is the remainder when s is divided by 9?
8
Suppose 4*j - 23 = -5*n, 0*j + 1 = 5*j - 3*n. Let k = j - -11. Calculate the remainder when k is divided by (-15)/(-10) - (-13)/2.
5
Let y(u) = u**2 - 17*u + 1. Le